oes 81 divide 7521?
False
Does 4 divide 1918?
False
Is 7272 a multiple of 101?
True
Is 5019 a multiple of 2?
False
Is 732 a multiple of 6?
True
Is 73593 a multiple of 14?
False
Is 48 a factor of 9119?
False
Is 4331 a multiple of 32?
False
Does 23 divide 8603?
False
Does 137 divide 9549?
False
Is 15 a factor of 600?
True
Does 55 divide 12226?
False
Does 8 divide 905?
False
Is 9 a factor of 49212?
True
Is 3 a factor of 13617?
True
Is 27613 a multiple of 167?
False
Is 9010 a multiple of 106?
True
Is 11 a factor of 16212?
False
Does 13 divide 25792?
True
Is 64 a factor of 19640?
False
Is 28 a factor of 9156?
True
Is 220 a factor of 27002?
False
Does 26 divide 26?
True
Is 892 a multiple of 46?
False
Is 35 a factor of 10992?
False
Is 10601 a multiple of 15?
False
Is 2098 a multiple of 13?
False
Is 73 a multiple of 5?
False
Does 23 divide 53?
False
Is 22 a factor of 622?
False
Is 1003 a multiple of 59?
True
Is 2028 a multiple of 13?
True
Is 25594 a multiple of 14?
False
Is 20 a factor of 7871?
False
Is 4 a factor of 122?
False
Is 3 a factor of 461?
False
Is 32660 a multiple of 115?
True
Does 20 divide 97121?
False
Does 9 divide 7128?
True
Does 20 divide 7859?
False
Is 69 a factor of 483?
True
Is 14 a factor of 1162?
True
Is 19876 a multiple of 21?
False
Does 14 divide 11732?
True
Is 27852 a multiple of 12?
True
Is 82 a factor of 5494?
True
Is 226 a factor of 12825?
False
Is 1872 a multiple of 78?
True
Is 3 a factor of 1362?
True
Does 28 divide 6190?
False
Does 27 divide 11637?
True
Is 27 a factor of 302?
False
Is 54 a factor of 349?
False
Is 39 a factor of 1075?
False
Is 3 a factor of 5461?
False
Is 69 a factor of 3657?
True
Is 6618 even?
True
Is 17 a factor of 1496?
True
Is 69 a factor of 4071?
True
Does 6 divide 870?
True
Is 5016 a multiple of 6?
True
Is 181 a factor of 5611?
True
Does 34 divide 10336?
True
Does 25 divide 2150?
True
Does 35 divide 12758?
False
Is 98 a factor of 588?
True
Does 235 divide 27851?
False
Is 24 a factor of 20686?
False
Is 56 a factor of 5824?
True
Does 58 divide 2958?
True
Is 6783 a multiple of 57?
True
Is 176905 a multiple of 49?
False
Is 24 a factor of 840?
True
Is 1404 a multiple of 19?
False
Does 120 divide 1800?
True
Does 57 divide 1231?
False
Is 6 a factor of 6208?
False
Does 153 divide 5003?
False
Is 2592 a multiple of 33?
False
Does 9 divide 2169?
True
Is 50 a factor of 23850?
True
Is 163905 a multiple of 110?
False
Is 38740 a multiple of 13?
True
Does 21 divide 563?
False
Is 8 a factor of 16180?
False
Does 152 divide 152304?
True
Is 744 a multiple of 54?
False
Does 8 divide 76328?
True
Is 476 a multiple of 14?
True
Does 59 divide 826?
True
Is 20 a factor of 515?
False
Does 154 divide 12320?
True
Is 3 a factor of 372?
True
Does 105 divide 420?
True
Is 1248 a multiple of 13?
True
Is 37449 a multiple of 171?
True
Is 192 even?
True
Does 41 divide 14801?
True
Is 14 a factor of 2517?
False
Is 9 a factor of 1109?
False
Is 24752 a multiple of 56?
True
Is 1064 a multiple of 28?
True
Does 23 divide 7982?
False
Is 35574 a multiple of 66?
True
Is 14 a factor of 1484?
True
Does 6 divide 1488?
True
Does 45 divide 512?
False
Does 117 divide 2223?
True
Does 11 divide 6611?
True
Is 1928 a multiple of 8?
True
Is 33 a factor of 11979?
True
Does 36 divide 36?
True
Is 65 even?
False
Does 12 divide 2922?
False
Does 3 divide 3592?
False
Is 9532 a multiple of 43?
False
Is 20 a factor of 12620?
True
Is 24083 a multiple of 130?
False
Is 3105 a multiple of 45?
True
Is 61 a factor of 2673?
False
Does 4 divide 4?
True
Is 15 a factor of 602?
False
Is 8107 a multiple of 35?
False
Is 121580 a multiple of 88?
False
Is 15 a factor of 334?
False
Does 26 divide 1974?
False
Does 2 divide 99?
False
Is 5 a factor of 2124?
False
Does 18 divide 507?
False
Does 2 divide 132?
True
Is 1911 a multiple of 62?
False
Does 25 divide 451?
False
Is 8748 a multiple of 58?
False
Is 16 a factor of 5174?
False
Is 104512 a multiple of 67?
False
Is 23 a factor of 830?
False
Is 7 a factor of 4797?
False
Is 2 a factor of 215?
False
Is 12488 a multiple of 117?
False
Is 99 a factor of 100562?
False
Is 891 a multiple of 11?
True
Is 1075 a multiple of 5?
True
Is 94 a factor of 2903?
False
Is 8314 a multiple of 13?
False
Does 11 divide 156?
False
Is 302 a multiple of 38?
False
Is 544 a multiple of 21?
False
Is 1098 a multiple of 6?
True
Is 402 a multiple of 19?
False
Is 50 a factor of 2900?
True
Is 1486 a multiple of 3?
False
Does 26 divide 598?
True
Is 22 a factor of 286?
True
Is 17 a factor of 2057?
True
Does 48 divide 48?
True
Does 76 divide 1110?
False
Is 40 a factor of 1280?
True
Does 16 divide 1464?
False
Does 11 divide 242?
True
Does 17 divide 680?
True
Is 30 a factor of 990?
True
Does 24 divide 24?
True
Does 22 divide 2552?
True
Is 27221 a multiple of 23?
False
Is 1271 a multiple of 5?
False
Is 24 a factor of 3243?
False
Is 36 a factor of 3358?
False
Does 3 divide 19203?
True
Does 3 divide 920?
False
Does 2 divide 2079?
False
Is 8994 a multiple of 43?
False
Does 9 divide 197?
False
Is 96 a factor of 15250?
False
Is 13 a factor of 5273?
False
Is 7 a factor of 3948?
True
Does 2 divide 31?
False
Does 58 divide 6612?
True
Is 3880 a multiple of 5?
True
Is 49749 a multiple of 84?
False
Does 9 divide 37323?
True
Does 153 divide 1836?
True
Does 273 divide 819?
True
Does 36 divide 348?
False
Is 33 a factor of 33?
True
Does 49 divide 4866?
False
Is 11 a factor of 1629?
False
Is 328 a factor of 86920?
True
Is 27 a factor of 51867?
True
Is 137 a factor of 6302?
True
Is 32 a factor of 384?
True
Does 19 divide 25?
False
Is 45220 a multiple of 17?
True
Does 20 divide 1840?
True
Does 27 divide 57456?
True
Is 44946 a multiple of 28?
False
Does 27 divide 2319?
False
Is 6 a factor of 144?
True
Does 3 divide 2631?
True
Is 345 a multiple of 6?
False
Is 6579 a multiple of 65?
False
Is 2450 a multiple of 14?
True
Is 15 a factor of 195?
True
Is 63040 a multiple of 246?
False
Does 35 divide 16421?
False
Is 1840 a multiple of 4?
True
Does 48 divide 2159?
False
Is 1486 a multiple of 20?
False
Is 49 a factor of 667?
False
Is 558 a multiple of 14?
False
Is 1587 a multiple of 42?
False
Is 8 a factor of 336?
True
Does 19 divide 2965?
False
Is 8 a factor of 553?
False
Is 30 a factor of 5129?
False
Is 2 a factor of 4561?
False
Is 87 a factor of 4524?
True
Is 981 a multiple of 42?
False
Is 36 a factor of 8100?
True
Does 23 divide 31579?
True
Does 13 divide 5202?
False
Is 1500 a multiple of 6?
True
Is 52 a factor of 71802?
False
Is 608 a multiple of 3?
False
Is 22 a factor of 1383?
False
Is 3600 a multiple of 20?
True
Is 6 a factor of 17610?
True
Does 9 divide 482?
False
Is 160 a factor of 20640?
True
Does 5 divide 18530?
True
Does 22 divide 1958?
True
Is 1518 a multiple of 23?
True
Is 6162 a multiple of 30?
False
Is 8 a factor of 622?
False
Is 16697 a multiple of 59?
True
Does 5 divide 1213?
False
Does 228 divide 47652?
True
Is 25 a factor of 675?
True
Does 41 divide 12049?
False
Does 8 divide 152?
True
Does 52 divide 9435?
False
Is 60 a factor of 1365?
False
Is 5 a factor of 220?
True
Is 3 a factor of 41?
False
Does 22 divide 8937?
False
Does 32 divide 122?
False
Does 45 divide 42233?
False
Is 11126 a multiple of 13?
False
Is 12 a factor of 1299?
False
Does 17 divide 221?
True
Is 3498 a multiple of 33?
True
Is 23115 a multiple of 6?
False
Does 33 divide 215?
False
Is 12303 a multiple of 93?
False
Does 15 divide 3790?
False
Does 10 divide 174?
False
Does 35 divide 14805?
True
Is 3376 a multiple of 29?
False
Does 11 divide 592?
False
Is 22689 a multiple of 9?
True
Is 20 a factor of 2255?
False
Is 17 a factor of 32288?
False
Is 130 a multiple of 4?
False
Does 22 divide 27303?
False
Is 315 a multiple of 7?
True
Is 1848 a multiple of 35?
False
Does 13 divide 4592?
False
Is 8313 a multiple of 51?
True
Does 13 divide 66067?
False
Is 532 a multiple of 19?
True
Is 35 a factor of 3564?
False
Does 9 divide 552?
False
Is 122689 a multiple of 10?
False
Does 41 divide 2006?
False
Is 47808 a multiple of 60?
False
Does 150 divide 7235?
False
Is 1106 a multiple of 9?
False
Is 23653 a multiple of 9?
False
Is 870 a multiple of 15?
True
Is 4992 a multiple of 48?
True
Is 324 a multiple of 18?
True
Is 4821 a multiple of 95?
False
Does 74 divide 7326?
True
Does 3 divide 5201?
False
Does 40 divide 1283?
False
Is 7942 